 10. Let n be x(g). Calculate s(n).
5
Let o(v) be the first derivative of 3*v**4/4 - 2*v**3 - v**2/2 + 4068. What is o(2)?
-2
Let j(w) = -w**3 + 15*w**2 + 14*w. Let z(r) = -r**3 + 19*r**2 - 49*r + 32. Let n be z(16). Give j(n).
-32
Let d = -590 - -595. Let y(s) be the second derivative of s**5/20 - s**4/2 + 5*s**3/6 - 2*s**2 - 5*s. What is y(d)?
-4
Suppose -2*n + 15*n - 323 = 80. Let q(y) = -2*y + 67. Calculate q(n).
5
Let m(z) = 6*z**2 - 7*z + 34. Let c(g) = 2*g**2 - 9*g + 2. Let h(s) = -4*c(s) + m(s). Calculate h(15).
11
Let w(g) = -155*g - 139*g - 157*g + 447*g - 9. Determine w(-5).
11
Let b(c) be the second derivative of -c**3/3 + 7*c**2/2 - 2*c. Let i = 27305 - 27300. Determine b(i).
-3
Let b(o) = o**3 + 16*o**2 - 14*o + 55. Let y be (0 - 2 - -5) + -1 + -11. Let x = y + -8. Let h be b(x). Let i(c) = -c**3 + 5*c**2 - c. Calculate i(h).
12
Let b be (-33)/(-18) + (56/(-48))/(-7). Let w(r) = -13 - 3*r - b*r + 2*r - r**2 - 9*r. Determine w(-10).
7
Let v = 11 + 32. Let u(s) = -16 + 21*s - v*s + 25*s. Determine u(7).
5
Let x(g) be the first derivative of g**5/60 - 3*g**3/2 - g**2/2 + 31*g + 77. Let c(v) be the second derivative of x(v). Calculate c(4).
7
Suppose 24*r - 20*r - 84 = 4*t, 0 = 4*t - 2*r + 72. Let d(u) = u + 8. Calculate d(t).
-7
Let c = 10039/6 - 1673. Let p(l) be the second derivative of 0 - c*l**3 - 7*l - 1/2*l**2. Calculate p(4).
-5
Suppose -r = -j + 10, -5*j + 4 = -11. Let h(l) = -545*l**3 + 10583*l - 6 + 544*l**3 - 10593*l - 8*l**2. Determine h(r).
15
Suppose -2*p + 90 = 64. Let y(g) = g**3 - 8*g**2 + 15*g - 12. Let m(q) = 3*q**3 - 25*q**2 + 45*q - 37. Let n(l) = 6*m(l) - 17*y(l). Determine n(p).
8
Let m(b) = 4*b + 107 + 104 + 97 + 94 - 375. Determine m(-6).
3
Let s(v) = -v**2 - v - 1. Let f(n) = 2*n**2 + 9*n + 9. Let i(k) = f(k) + 3*s(k). Suppose -2*l = 9*r + l - 41 - 55, -l = -17. Give i(r).
11
Let u = 48 - 47. Let q(c) = -4 + u - 2*c + 9 - 4. Suppose -6*j + 42 = 54. Calculate q(j).
6
Let p(z) = -z**3 - 6*z**2 - 2*z + 5. Let g(l) = 3*l + 9. Let b be g(-5). Let a = b + 1. Determine p(a).
-10
Let h(t) = t + 10. Let w(z) = -z**3 - 8*z**2 - 11*z + 6. Let s be w(-6). Suppose -7 = -0*p - p - 2*n, -3*n + 9 = s. Suppose p = -4*d - 39. What is h(d)?
0
Suppose 10*z = 43*z + 264. Let m(f) = f**2 - 2*f. Give m(z).
80
Let q(t) = -t**2 - 6*t - 3. Suppose 2*s = -2*b - 8, -19*b + 16*b - 4*s = 8. Let c be (b + 11)*(2 - 1)*-1. Calculate q(c).
6
Let k = -11241 + 11243. Let t(y) be the first derivative of -1/2*y**k + 5*y + 14. Determine t(6).
-1
Let h(g) = 9*g**3 + 6*g**2 + 4*g + 19. Let t(z) = -5*z**3 + z**2 + z + 1. Let o(a) = -h(a) - 2*t(a). What is o(10)?
119
Let w be (-50)/5 + 12/3. Let b be (-8 - -29)*2/w. Let p(k) = k**3 + 7*k**2 - 4. What is p(b)?
-4
Let f(z) be the second derivative of -17 + 1/12*z**4 - 2/3*z**3 - 7/2*z**2 - z. Suppose -b = 3*j + b - 8, 0 = 3*j - b - 23. Give f(j).
5
Let w(i) = i**2 - 15*i - 22. Suppose -87*x - 74 = 138 - 38. Determine w(x).
12
Let j(r) = -7 - 810*r + 419*r + 386*r - 2*r**2. Calculate j(-3).
-10
Let n(j) be the first derivative of j**4/4 - 2*j**3/3 - 3*j**2 - 4*j + 4275. Determine n(4).
4
Let b(g) = -g**3 + 7*g**2 + 1. Let p(i) = -i**2 - i. Let m be ((-12)/(-48))/((-27)/12 - -2). Let q(s) = m*b(s) - 4*p(s). Calculate q(3).
11
Let w(b) = b**3 - 2*b**2 - b + 4. Let g(p) = -p + 16. Let r be g(2). Suppose -3*m - d + r = 3, 9 = -3*m + 3*d. Give w(m).
2
Suppose -2424 = -38*v + 654. Suppose -38*m = v - 5. Let d(z) = -z - 6. Determine d(m).
-4
Let x(u) = -787*u - 5525. Let y be x(-7). Let q(a) = a**2 + 19*a - 9. What is q(y)?
-57
Suppose 10*d - 210 = 40*d. Let a(m) = m**3 + 3*m**2 - 28*m - 2. Give a(d).
-2
Let s(j) be the third derivative of j**4/24 + 5*j**3/6 + 12*j**2 - 2*j. Let x be s(-8). Let h(q) = -q**2 + 1 + 5543*q - 5543*q. Determine h(x).
-8
Let r(d) = -d**3 + 5*d**2 - 6*d. Let g be 57/15 + (-2)/(-10). Let k be r(g). Let t(u) be the first derivative of u**2/2 + 11*u - 42583. Determine t(k).
3
Let o(x) = -46*x + 105. Let d(t) = -21*t + 46. Let g(m) = -7*d(m) + 3*o(m). What is g(16)?
137
Suppose 0 = -5*s - u - 31, 3*s - 2*u + 29 = -0*u. Let i(b) be the second derivative of 6*b + 1/3*b**3 - 3 + 5/2*b**2. What is i(s)?
-9
Suppose -19*i - 70 + 10 + 22 = 0. Let u(m) = -2*m**3 + 2*m**2 - m + 1. Let c(g) = -g**3 + g**2 - g + 1. Let l(b) = -4*c(b) + 3*u(b). What is l(i)?
21
Let i(s) = s**2 - 10*s + 1. Suppose -34*m = -31*m + f - 37, 2*m + 4*f = 48. Give i(m).
1
Let p(o) = -o - 5. Let z(x) = -x**2 + 12*x - 30. Let m be z(5). Suppose -m*h = -39 + 14. What is p(h)?
-10
Let l(b) = 12*b + 104017 + 104850 - 209741. Calculate l(72).
-10
Let m be (1 + 321/6)*-4. Let j = -218 - m. Let c(x) be the third derivative of -x**4/24 + 4*x**3/3 - x**2. Calculate c(j).
8
Let w(g) = 16*g**3 - 53*g**2 + 120*g + 86. Let u(r) = 3*r**3 - 11*r**2 + 24*r + 17. Let l(v) = -11*u(v) + 2*w(v). Calculate l(13).
11
Suppose -41*m - 112 = -25*m. Let l(d) = d**3 + 8*d**2 + 7*d - 2. Give l(m).
-2
Suppose -18 = 16*o - 50. Suppose w - 4 + 1 = o*g, -6 = -2*w. Let x(m) = m**3 + m**2 + 24. Determine x(g).
24
Suppose -29*z + 12 = -27*z. Let t(r) = r**3 + 0*r**2 - 5*r**2 - 35*r - 6 + 30*r. Calculate t(z).
0
Let d(n) = -n**3 + n**2 - 16*n - 10. Let k(y) = -y**3 + 2*y**2 - 14*y - 10. Let z(a) = -5*d(a) + 6*k(a). Give z(5).
20
Let d(n) = -18*n - 5. Let f be 5*(-2 + 56/35). Determine d(f).
31
Let g be -6 + -5 + (-9 - -12). Let y(i) = i + 17. Calculate y(g).
9
Let x be (5 - (6 + 0 - 2))*85/(-5). Let j(c) = -2*c - 15. What is j(x)?
19
Let g be 1/(1 - 18/21). Let h(b) be the first derivative of b**4/24 - 2*b**3/3 - b**2/2 - 33*b + 39. Let j(u) be the second derivative of h(u). What is j(g)?
3
Let v = 12539 + -12526. Let t(l) = 9*l - 117. Determine t(v).
0
Let i(z) = -5*z + 34. Let n(h) = h - 8. Let b be -2 + (0 + 0)/(-1). Let w(o) = b*i(o) - 9*n(o). Give w(4).
8
Let q(g) = 3*g**2 + 6*g - 1. Let n be 1*110 + (17 - 17). Suppose -29*j = -51*j - n. Calculate q(j).
44
Let h(j) = -4*j. Suppose 4*f = y + f + 67, -5*y + 3*f = 347. Let v = 74 + y. Suppose -12*o + 16*o = -v. Give h(o).
4
Let h(y) be the third derivative of -y**4 + 5*y**3 - 2045*y**2 - y. What is h(1)?
6
Let r(n) be the third derivative of -n**4/24 + 4*n**3/3 + 638*n**2. Suppose -3*q + 0*q + 24 = 0. Determine r(q).
0
Let z = -635 + 640. Let a(c) = -c - 4*c - 1 - z*c. Determine a(-1).
9
Let y(c) be the third derivative of c**5/20 + c**4/12 + 1736*c**2. What is y(-1)?
1
Let g(k) = -3*k**2 + 6*k + 2. Let z(l) = 5*l**2 - 8*l - 2. Let a(j) = -3*g(j) - 2*z(j). Let n be (6/(-18))/((-2)/84). Let i be (-3)/21 + (-54)/n. What is a(i)?
-10
Let n(g) = g**2 + 7*g - g + 415 + 173 - 588. Let f be -1 + (-1)/(1/6). Give n(f).
7
Let l(d) = 7*d**3 - 41*d**2 - 43*d + 41. Let p(w) = 4*w**3 - 23*w**2 - 26*w + 25. Let h(k) = 7*l(k) - 12*p(k). Determine h(10).
-3
Suppose -16*y - 41*y = -26*y + 64*y. Let x(v) = v**3 + 4*v**2 - v - 8. Give x(y).
-8
Let j(g) = 2*g**2 - 8*g + 3. Let z(p) = -267*p + 2. Let y be z(3). Let u = y - -802. What is j(u)?
-3
Let w(x) = x**3 - 3*x**2 - 7*x + 3. Suppose -33*q + 31 = -176 + 42. Calculate w(q).
18
Let u(x) = -39*x**2 - 8 + 2*x**3 + x - 2 - 3*x**3 + 46*x**2. Let z(h) = -h + 5. Let b be z(-2). Calculate u(b).
-3
Let q(v) = -7*v**2 - 12*v + 8. Let l(k) = 3*k**2 + 5*k - 3. Let z(j) = -9*l(j) - 4*q(j). Suppose 5 = 2*r - 19. Let t = r + -16. Give z(t).
-1
Suppose 6*g = 14 - 2. Let j(a) = -a**3 - 1 - 3*a**2 - 2*a + 2*a**2 - 3*a**g - a**3. What is j(-3)?
23
Let k(x) = -x**2 + 2*x. Let h(l) = -l + 1. Let n(b) = -b**3 - 15*b**2 + 2*b - 14. Let t(q) = -3*h(q) - n(q). Let o(a) = 5*k(a) + t(a). What is o(-9)?
-7
Let t(h) be the second derivative of 0 + 14*h - 1/2*h**2 - 1/3*h**3. Let c = 17 + -15. Determine t(c).
-5
Let p(a) = 4*a**3 + 45 - 9*a**3 + 32*a**3 + 3*a + 6*a**2 - 36*a**2 - 29*a**3. Calculate p(-15).
0
Let d = 180 - 289. Let n = d + 111. Let k(h) = 3*h**2 - 6 - h**n + 3*h**3 + 3 + 2*h - 4*h**3. Calculate k(2).
1
Let d be 630/(-160) - 9/144. Let o(k) be the first derivative of 2*k**3/3 + 3*k**2 + k - 3. Calculate o(d).
9
Let y(l) = -3*l + 9. Suppose -15*k = -9*k - 60. Let d be k + 6/12*-8. What is y(d)?
-9
Let y = -2 + -13. Let m be (-6)/y + 64/(-10). Let o(i) be the first derivative of i**4/4 + 7*i**3/3 + 2*i**2 - 6*i - 30848. Calculate o(m).
6
Let f(q) = q**2 + 7*q + 7. Let g = -16 - -14. L